 - 2 - i**2. Let w = 52 + -68. What is the remainder when 6 is divided by d(w)?
0
Suppose l - 5*w - 2 = -8, 2*w = 4*l + 6. Let k = l - -3. What is the remainder when 6 is divided by k?
0
Calculate the remainder when (244/(-10))/(18/(-90)) is divided by 5.
2
Calculate the remainder when 130 is divided by (144 + -6)/6 - -10.
31
Let g = 1210 + -1200. Let s = 6 - 0. Suppose x - s - 23 = 0. Calculate the remainder when x is divided by g.
9
Suppose 6*y + 138 = 462. Calculate the remainder when 430 is divided by y.
52
Suppose 4*a = 2*c + 86 - 0, -3*a = c - 62. Suppose -18*m = -a*m + 156. Calculate the remainder when m is divided by 28.
24
Let a(o) = -o**3 - 25*o**2 - 6*o - 49. Calculate the remainder when a(-25) is divided by 17.
16
Let z = 341 - 218. What is the remainder when z is divided by 48?
27
Let k = 16 + 42. Let d = 34 + k. Suppose 4*o + j - d = 0, 0 = 4*o + 3*j + 13 - 113. Calculate the remainder when o is divided by 5.
2
Let t(j) = 50*j + 317. Calculate the remainder when 63 is divided by t(-6).
12
Suppose -4*p - 5 = -a + 1, 5*p = -a + 15. Let i be (-60)/(-3)*(-21)/(-12). Suppose 17 = 2*q - i. Calculate the remainder when q is divided by a.
6
Suppose -533 = -16*w + 523. Calculate the remainder when w is divided by 24.
18
Let d = -7 + 8. What is the remainder when 82 + (-1 - (-5 + d)) is divided by 29?
27
Suppose 2*n - 5368 = -59*n. Suppose -87 - 3 = -5*i. Calculate the remainder when n is divided by i.
16
Let i = 351 + -327. Let o = 6 + 17. Suppose 0*m = 4*m - g - 34, 3*m - 2*g - o = 0. What is the remainder when i is divided by m?
6
Suppose 39 = -5*r - 4*g + 135, 4*g + 4 = 0. Calculate the remainder when 92 is divided by r.
12
Let s = -69 + 5. Let x be 1/(-2)*0 - s. Suppose -4*c + x = -28. Calculate the remainder when c is divided by 6.
5
Suppose 0 = -3*h + 7*h + 12. Let c = 0 - h. Suppose c*m - 33 = 12. What is the remainder when m is divided by 6?
3
Calculate the remainder when 157 is divided by (-5 + (-13)/(-3))/((-3)/378).
73
Let k = 454 - 378. Calculate the remainder when k is divided by 40.
36
Let u = 55 + -63. Let t(i) = i**2 + 3*i + 30. Let g = 4 + 14. What is the remainder when t(u) is divided by g?
16
Let q be 1 + 3*(-4)/(-3). Suppose 194 + 95 = 4*n - q*c, 386 = 5*n + 2*c. Suppose -n = -3*u - 31. Calculate the remainder when 43 is divided by u.
13
Let u(d) be the first derivative of -d**4/4 + 2*d**3/3 + d - 10. What is the remainder when u(0) is divided by 2 + (-2 - 0)/2?
0
Let j(x) = 5*x**2 + 8*x - 16. Let a be j(4). Let g = a - 52. What is the remainder when g is divided by 3?
2
Let j(y) = 2*y + 43. Let t be j(19). Let b = t - 34. What is the remainder when b is divided by (-1 - 0)*-2*6?
11
Let d(b) = -6*b - 13. Let i be d(-6). Let q be 0 - (-1)/(2/(-2)). Let u = q + i. Calculate the remainder when u is divided by 12.
10
Let y = -15 + 18. Suppose y + 3 = -2*h. What is the remainder when 24 is divided by (-23)/h - (-2)/(-3)?
3
Let r be ((-1)/7)/((-8)/56). Let v(q) = 4*q**3 + q**2 - 2*q + 2. Let i be v(r). Calculate the remainder when 75 is divided by 17 + i/((-10)/(-4)).
18
Let a be (-4)/6 + 28/6. Suppose -l - 5*m - 9 = -95, -2*l + 147 = 5*m. Suppose -a*h + 123 = -l. What is the remainder when h is divided by 16?
14
Suppose -7*a = -5*a - 340. What is the remainder when a is divided by 7?
2
Let j(w) = -w**3 + 9*w**2 - 6*w - 2. Suppose 7*p - 9*p - 3*m + 13 = 0, 4*m = 2*p - 48. What is the remainder when j(7) is divided by p?
12
Let y = 212 - -145. What is the remainder when y is divided by 72?
69
Suppose -3*l = -5*u + 179, u - 12 - 16 = -2*l. What is the remainder when 847 is divided by u?
31
Suppose v + 3*i + 5 = 0, 3*v = 5*i - 7 - 8. Let t = 1 - v. Suppose -4*a + a + 38 = 4*b, -2*b - 4*a + 14 = 0. What is the remainder when b is divided by t?
5
Suppose 25*p - 39*p = -294. Calculate the remainder when 29 is divided by p.
8
Calculate the remainder when 309 is divided by (-8)/((-32)/44) + 63.
13
Calculate the remainder when 17306/170 - 12/(-10) is divided by 26.
25
Suppose -1 - 4 = -w. Suppose -x = -3, -o - 7 = 3*o - w*x. What is the remainder when o is divided by 1?
0
Suppose -31*l + 319 = -20*l. Calculate the remainder when 128 is divided by l.
12
Let k be (-1)/2*(8 - 12). Suppose 3*t + k*t - 1040 = 0. Calculate the remainder when 12/(-15) + t/10 is divided by 11.
9
Suppose 0 = d - 4 + 3. Suppose u + 7 = 4*n - d, -2*u + 5*n = 4. Calculate the remainder when 20 is divided by u.
4
Calculate the remainder when (-684)/(-9) - -8*1 is divided by 22.
18
Let b = -118 - -203. Calculate the remainder when b is divided by 46.
39
Suppose -11*u + 551 = 18*u. What is the remainder when 110 is divided by u?
15
Suppose 44*w - 12*w = 640. Suppose -3*c + 191 = -4*p, 5*c + 0*p - 3*p - 300 = 0. What is the remainder when c is divided by w?
17
Suppose 3*t = -i - 85, 22 - 67 = t - 3*i. Let o = t + 34. What is the remainder when 14 is divided by o?
2
Suppose q - 707 = -9*t + 5*t, -2*q = 2. Calculate the remainder when t is divided by 18.
15
Suppose 32 = 4*d - 4*b, 4*b = -12 + 32. Suppose 0 = 243*z - 230*z - 832. Calculate the remainder when z is divided by d.
12
Let t be (13 - (0 + 3))*(-58)/(-4). Let y = t - 142. Calculate the remainder when 16 is divided by y.
1
Suppose 14*i - 69 = -9*i. What is the remainder when 37 is divided by i?
1
Suppose 1572 = 4*j + 2*t, 0*t + 4 = t. What is the remainder when j is divided by 138?
115
Let o be 126/28*2/(-3). What is the remainder when (-2 + (o - 145))/(-2) is divided by 21?
12
Let y(b) = 4*b + 41. What is the remainder when 18 is divided by y(-7)?
5
Let w = -42 + 28. Let n(s) = -s**3 - 13*s**2 + 14*s + 5. Suppose -m = -2*m + 24. Calculate the remainder when m is divided by n(w).
4
Let c = 12 + 4. Calculate the remainder when c is divided by ((-9)/(-6))/(11/66).
7
Let o = -42 - -59. What is the remainder when -1 - 1 - (-48 + -4) is divided by o?
16
Suppose -116*q - 55 = -121*q. What is the remainder when 118 is divided by q?
8
Let n = -175 - -184. What is the remainder when 35 is divided by n?
8
Suppose -3*w - 5*p - 1 = 8, 2*p + 26 = -4*w. Let t(z) = 7*z + 6. Let x be t(w). Let h = 102 + x. What is the remainder when h is divided by 18?
16
Suppose -2*q + 584 = 4*s, 8*q - 7*q - 296 = 2*s. What is the remainder when q is divided by 74?
72
Let o be (-6)/8 + 9/12. Suppose d + o*g = -2*g - 7, -5*d = g - 10. What is the remainder when 20 is divided by (-284)/(-24) + d/18?
8
Let y(k) = -15*k**3 + k**2 - 1. Let t(l) = -5 + 1 + 3*l + 17 + 7. Let s be t(-7). Calculate the remainder when 43 is divided by y(s).
13
Let a(h) = h**2 + 30*h + 57. Let g be a(-28). Calculate the remainder when ((-9)/(-15) - g)*-60 is divided by 9.
6
Let x(a) be the second derivative of -a**4/12 + 10*a**3/3 - 36*a**2 + 7*a - 3. Calculate the remainder when 47 is divided by x(13).
9
Let z(m) be the third derivative of m**6/144 + m**4/3 - 2*m**2. Let c(k) be the second derivative of z(k). What is the remainder when 96 is divided by c(5)?
21
Suppose 2*d + 0*d - 112 = 0. Let j = d - 2. What is the remainder when j is divided by 11?
10
Let u(v) = 20*v**2 - 2*v + 7. Calculate the remainder when u(-6) is divided by 106.
103
Suppose i = -2*y - 1 + 11, 5*y - 5*i = -5. Suppose 10 = v - q, -y*q = -0*q - 15. What is the remainder when 87/3 + 0/2 is divided by v?
14
What is the remainder when (-8 - -9)*(754 + (-3)/(-3)) is divided by 42?
41
Let p(n) be the third derivative of -n**6/120 + n**5/60 + 3*n**2. Let c be p(1). Calculate the remainder when 69 is divided by (3/6 - c)*36.
15
Let w(s) = 17*s + 8*s - s**2 - 26*s + 77. What is the remainder when 57 is divided by w(-8)?
15
Let r = 111 + -108. Suppose 2*l - 52 = -5*q, 4*q - 33 = -r*l + 3. What is the remainder when q is divided by 5?
2
Suppose -11*z = -z + 3540. Let n = z - -515. Calculate the remainder when n is divided by 41.
38
Suppose 0 = 4*s - 8*v + 3*v + 483, 4*s + v = -513. Let x = s - -198. Calculate the remainder when x is divided by 640/35 + 6/(-21).
17
Let v be (-1)/(-8) + (-846)/(-144). What is the remainder when v*((-138)/9)/(-2) is divided by 25?
21
Let f(g) = 54*g + 18. Let w be f(-11). Calculate the remainder when 28 is divided by w/(-60) - 4/(-10).
8
Let p(m) = -7*m + 101. Calculate the remainder when p(8) is divided by (-24)/(-84) - (-110)/7.
13
Let q(r) = 37*r. Let c be q(5). Suppos